c = 28, 2 + 2 = 4*c. Let r(z) = 10 - 3 - z + 2*z. Determine r(p).
1
Let q(w) = w**2 + w - 1. Let b(n) = 4*n + 7. Let s(x) = b(x) + q(x). Give s(-5).
6
Let n(a) = -6*a + 20. Let d be n(3). Let g(k) = k**2 - 4*k + 3. What is g(d)?
-1
Let h(p) = p**3 - 10*p**2 + 11*p + 4. Let c be h(8). Let v be ((-2)/(-4))/((-6)/c). Let s(a) = 1 - 1 - a + 1. Determine s(v).
-2
Let h(w) = -5*w**2 - 3 - 6*w - w**2 + 5*w**2. Give h(-4).
5
Let v(z) = -2*z. Let o be v(-1). Let q(u) = 4*u**2 - 4. Let m(c) = c**2 - 1. Let s(p) = 3*m(p) - q(p). Determine s(o).
-3
Let o(x) be the third derivative of x**6/120 + x**5/15 - x**4/24 - x**3/6 + 14*x**2. Determine o(-3).
11
Suppose -4 = 10*j - 12*j. Let t(k) be the third derivative of k**5/60 - k**4/24 + k**3/6 - k**2. What is t(j)?
3
Let y(h) = -6*h**2 - 2*h - 8. Let i(x) = 7*x**2 + x + 9. Let f(s) = 5*i(s) + 6*y(s). What is f(-5)?
7
Let i(q) = 4*q**3 + q**2 - 2*q + 1. Let s be -1*(1 - (1 - -1)). Let x be 0/(-1) - s - -1. Suppose 4*b - 3*b + 1 = 5*h, h - 4*b + 15 = x. What is i(h)?
4
Let s = 20 + -20. Let b = s + -6. Let m(i) = -i**2 - 8*i - 4. Determine m(b).
8
Let f(t) = -2 + 0 - 1 + 0*t + 2*t. Give f(7).
11
Let k(m) = 2*m + 2. Let r be k(-3). Let w(t) be the first derivative of t**4/4 + t**3 - t**2 + t + 5. What is w(r)?
-7
Let u(a) = a**2 - a - 4. Let g(w) = -w**2 - 7*w - 2. Let c be (-1)/1 + (-30)/6. Let t be g(c). Calculate u(t).
8
Let a(s) = -5*s**2 + 5*s**2 - 65*s**3 - 1 + 64*s**3. Let g = -2 + 12. Suppose 0 = -0*x - 5*x - g. What is a(x)?
7
Let o(i) = -i**2 + 4*i + 2. Let m = -29 - -49. Suppose -2*f + m = 3*f. What is o(f)?
2
Let a(y) = -y**3 + y + 0*y - 3 + 4 - 3*y**2. Let u(t) = -t**2 - t - 3. Let z be u(0). Calculate a(z).
-2
Let m(w) = 3*w - 4*w - w**2 - 5 + 8*w. What is m(6)?
1
Suppose -18 = -4*c + 5*h, -1 - 5 = 3*h. Let d = 2 - c. Suppose d*y = 3*y. Let w(m) = -m + 2. Determine w(y).
2
Let u(r) = r + 1. Let t(v) = -v + 3. Let k(q) = t(q) + 2*u(q). Calculate k(4).
9
Let c(l) = l. Let q(t) = 1 + 0*t + 5*t - 2. Let j be q(1). Let x = -4 + j. Determine c(x).
0
Let w(i) be the second derivative of -i**5/20 + i**4/3 + 4*i**3/3 - 5*i**2/2 - 25*i. What is w(5)?
10
Let j(i) = -2*i**2 + 3*i + 7. Let q(p) = -p - 1. Let m(w) = j(w) + 5*q(w). Give m(2).
-10
Let w(n) = 0*n**3 - 5 - 11*n**2 + 0 + 0 - n**3 - 10*n. Determine w(-10).
-5
Let b(m) = -3*m - 1. Let l(w) = -w**3 + 7*w**2 - w + 9. Let z be l(7). Let q be (z/7)/((-3)/(-21)). Suppose -6*i - 18 = 3*r - i, i - q = 5*r. Calculate b(r).
2
Let w(p) = -p. Let v be w(-2). Let l(t) = 4 - 3 + 0*t**v - t**2. Determine l(-3).
-8
Let y = -15 - -21. Let b(u) = u**2 - 4*u - 4. What is b(y)?
8
Let j = -6 - -2. Let l(p) = 4*p + p - 2 + p**2 - 2 - 3*p. What is l(j)?
4
Let w(t) = -t + 4 + 3 + 0. Let l(b) = -b**3 + b**2 + 2*b. Let c be l(2). Determine w(c).
7
Let w(v) = 8*v**2 - 18*v - 1. Let q be w(2). Let z(r) = 3*r**2 - 3. Let f(o) = o**2 + o - 1. Let k(b) = 4*f(b) - z(b). Determine k(q).
4
Let r(n) = 3*n**2 + 7*n. Let v(d) be the third derivative of d**5/30 + d**4/8 + 3*d**2. Let y(h) = -3*r(h) + 5*v(h). Let g be 10/(-2)*-1*1. Calculate y(g).
-5
Let g(n) = 3*n - 1. Let h be 1 + -3 - (4 + -11). Suppose -h*o + 2*o + 6 = 0. Let j be (o - 1)*3 + -7. Determine g(j).
-13
Let g(y) = y**3 + y**2. Suppose 7*b - 3*b + 4 = 4*p, -p = b - 7. Suppose 0 = 6*n - 4*n + p. Calculate g(n).
-4
Let f(h) be the first derivative of h**3/3 + h**2 - 2*h - 17. Suppose 2*t - 5 = -3*t. Suppose 4*b + 15 = -t. Calculate f(b).
6
Let o(l) = -l**3 - 3*l**2 + l - 4. Let x(u) = -5*u**2 - 7*u + 4. Let z(m) = -14*m**2 - 20*m + 11. Let r(h) = 17*x(h) - 6*z(h). Let v be r(-2). Calculate o(v).
8
Let n(p) = -p**3 + p**2 - p + 1. Let o(b) = 2*b**3 + b - 5. Let y = -7 - -8. Let h(c) = y*o(c) + 3*n(c). Let k = 3 - 1. Calculate h(k).
-2
Let f(c) = c - 9. Suppose 0 = 2*t - b - 2*b - 50, -76 = -3*t + 5*b. Suppose -6 + t = 4*v. Calculate f(v).
-5
Let m(h) = 5*h**3 - 5*h**2 - 7. Let t(n) = -7 - 5*n**2 + 3*n**3 + 3*n**3 - 2*n**3. Let k(v) = 3*m(v) - 4*t(v). Give k(5).
7
Let o(g) = -3*g**2 + 8*g + 1. Let k(j) = j**2. Let d(b) = -2*k(b) - o(b). Determine d(7).
-8
Let h(n) be the first derivative of 2*n**3 + n**2/2 - n - 7. What is h(1)?
6
Let b = -1 + 4. Let x(j) = j**b - j**2 - 7*j + 5*j**2 - 2*j**2 - 4*j**2 + 5. Calculate x(4).
9
Let a = 4 + -1. Suppose z - a = 2. Suppose -3 = -z*b - 13. Let c(h) = -4*h - 2. What is c(b)?
6
Let g(k) = 10*k - 34. Let h(q) = -11 + 4*q + 4 + 0 - 2*q. Let y(v) = -2*g(v) + 11*h(v). Give y(6).
3
Let g(d) = -11*d**3 + 1 + 10*d - 9*d + 2*d**3 + 0. Calculate g(-1).
9
Suppose 7*z = 3*x + 3*z - 8, x + 2*z - 6 = 0. Let w be (-4)/18 + 222/27. Suppose -5*h = -2*h + x*y - 29, w = h + y. Let p(n) = -n + 7. Give p(h).
4
Let w(g) = g**3 + g**2 - g - 1. Let x(u) = -4*u**3 - 6*u**2 + 2*u + 1. Let j(v) = -3*w(v) - x(v). Calculate j(-3).
-1
Let m = -2 - -2. Suppose m*c = 4*c - 12. Let o(f) = c*f + 0*f**3 + f**3 + f + 2 + 5*f**2. What is o(-2)?
6
Let g(r) = r**2 + r - 13. Let k(b) = b**3 + 2*b**2 - 3*b. Let a be k(-3). Suppose n + 4*n = a. Calculate g(n).
-13
Suppose -23*s + 35*s - 36 = 0. Let k(i) = 0*i + 4*i + 2 + i**3 - 3*i**2 - 6. Give k(s).
8
Suppose 2*h - h - 80 = 0. Suppose -5*q + 6*b = b - h, 52 = 3*q - 2*b. Suppose 6*r - 2*r = q. Let j(t) = -t**2 + 5*t - 3. Determine j(r).
-3
Let v(t) = 21*t**3 + 2*t**2 + t. Let p = 189 + -190. Calculate v(p).
-20
Let o(j) = -j. Suppose -12 = -3*b + 6*b. Let u(s) = s**2 - s + 2. Let v(r) = b*o(r) - u(r). Let k be v(3). Let m(q) = q**3 - 5*q**2 + 4*q + 3. Calculate m(k).
3
Let n(d) = d**2 + 6*d - 12. Let z(o) = -1. Let c(y) = y**3 - 2*y**2 - 2*y - 1. Let f be c(2). Let k(q) = f*z(q) + n(q). Determine k(-6).
-7
Let l(t) be the first derivative of -t**2/2 - 7*t + 25. What is l(0)?
-7
Let v(a) = 2*a + 8. Let z(c) = -c - 7. Let h(t) = -2*v(t) - 3*z(t). What is h(6)?
-1
Let f(r) be the first derivative of -r**4/4 - 4*r**3/3 - r**2 + 2*r + 13. What is f(-4)?
10
Suppose 3*r - 2*d - 4 = -6*d, 8 = 4*r + 4*d. Let y(b) = -3 + r*b - 3 - 2*b. Calculate y(6).
6
Let w(y) = 3*y - 6. Suppose -2*p - 20 = -7*p. Suppose -c + 3*c - p = 0. Let k be (c - (-15)/(-6))*-8. What is w(k)?
6
Let p(c) = -1. Let v(q) = q**2 + 4*q + 5. Let i(j) = 4*p(j) + v(j). Determine i(-4).
1
Let t be ((-12)/(-4))/(3/2). Suppose -4*i + 3*n = 7, -2*i + n - 3 = t. Let l(s) = s**3 + 5*s**2 + 4*s + 5. Give l(i).
5
Let h(j) = -j - 2. Let u = 13 - 4. Suppose -u - 1 = -2*g. Calculate h(g).
-7
Let a(t) = t**2 - 6*t + 3. Let d be a(6). Let j(s) = s**3 - 5*s**2 + 3*s - 3. Calculate j(d).
-12
Let b(u) be the first derivative of 1/6*u**3 - 2*u**2 + 2 + 2*u. Let w(t) be the first derivative of b(t). Give w(6).
2
Let k(p) be the second derivative of p**5/10 + p**3/6 - 4*p. Let c be k(1). Let n(g) = -g**2 + 2*g + 2. What is n(c)?
-1
Let a = 1 - 1. Let j(p) = 2*p - 10. Let x(o) = o - 5. Let f(l) = -2*j(l) + 5*x(l). Calculate f(a).
-5
Let p(g) = g - 1. Let a(s) = s**2 - 2*s - 3. Let k(m) = a(m) + p(m). Let u = -13 - -13. Calculate k(u).
-4
Let q(k) be the second derivative of -k**5/20 + 5*k**4/12 - k**3 + k**2/2 + 20*k. Determine q(4).
-7
Suppose -2*i - m = -3, -13 = -4*i + 5*m - 0*m. Let h(f) = -2*f - f**3 + 6*f**2 - 5 + 2*f + i*f. Give h(6).
7
Let d(l) be the third derivative of -1/20*l**5 + 0 + 1/24*l**4 + 0*l - 1/120*l**6 - 5/6*l**3 - 3*l**2. What is d(-4)?
7
Suppose -4*c + 9*c + 31 = 4*s, 4 = s. Let i(v) = -2*v**2 - 3. What is i(c)?
-21
Let s be -1 - (3 - 1) - -2. Let t(u) = 2*u**2 - 5*u + 1. Let l(a) = -a**2. Let j(i) = s*l(i) - t(i). Let g = -2 - -7. Give j(g).
-1
Suppose -3*y - 12 = 0, 7*s + 6 = 2*s + y. Let o(n) = 0 - 3*n - n**2 + 0. Give o(s).
2
Let u(s) = 4*s + 1. Let a be u(1). Let m be (-2)/(-8)*-3*-4. Let j(x) = -2 - m*x**2 + a + 4*x + 4*x**2. Determine j(-3).
0
Let j be 2/5 + 116/10. Let p be (3/6)/(2/j). Let q(d) = 2 - 5*d**2 + 2*d**2 + 2*d - p*d. Give q(-2).
-8
Let l(z) = -z**3 - 5*z**2 + 2*z + 6. Suppose 0 = -2*v + 3*v - 6. Let k(b) = -2*b + 5 + v - 2. Let c be k(7). Determine l(c).
-4
Let d(n) = n - 2. Let l be (-3)/5 - (-36)/(-15). What is d(l)?
-5
Let o(m) = -m**2 - 2*m - 3. Suppose 60 = 5*h - 0. Suppose -3*n = -5*n + h. Let b(q) = q**2 - 8*q + 9. Let x be b(n). What is o(x)?
-6
Let r = 4 + -1. Let j be 1/r - (-1)/(-3). Let w(m) = 3*m - 2*m - 1 + j - 6. What is w(0)?
-7
Let d(s) = -s - 2 - 2*s + s. Determine d(-4).
6
